 15*i. Give n(-3).
5
Let p = 0 - 0. Let g(f) = -2*f + 5. Let c be g(p). Suppose -4*m + 5 = m + 5*z, 15 = c*m - 5*z. Let s(w) = -2*w + 1. Calculate s(m).
-3
Let c(v) = 0 + 2*v - 2*v + v**2 + 2. Suppose 1 = 3*h - 5. Let w be c(h). Let g(j) = -j**3 + 7*j**2 - 8*j + 9. Calculate g(w).
-3
Let j be (-3)/(-7)*294/(-84)*2. Let q(g) = 8*g - 1. What is q(j)?
-25
Let u(i) = 2*i**2 - 5*i - 3. Suppose 32 = -4*s + g - 8, 0 = -3*g + 12. Let j = -5 - s. Calculate u(j).
9
Suppose 20 + 4 = 12*p. Let j(n) = 7*n**2 - 10*n**p - n**2 + 3 - n**3 - n. Calculate j(-4).
7
Let n(q) = -8*q + 13. Let g be n(2). Let i(s) = -s**3 - 3*s**2 + 3*s + 2. Determine i(g).
-7
Let c(v) = 3 + 7 + 6 - 15 + v**2. Let i(z) = 5*z**2 + z + 3. Let x(p) = -2*c(p) + i(p). Give x(-3).
25
Let f(h) = h**3 + 6*h**2 + h + 2. Let j be f(-6). Let i(m) = 2*m**2 + 6*m + 2. Calculate i(j).
10
Suppose -5*s - 25 = 0, -5*k + 2 = 2*s - 13. Let x(f) = 3*f - 24. Determine x(k).
-9
Let c(a) = -2*a**2 + 1. Let d be ((-3)/1)/((-25)/(-15) - 2). Let f be ((-1)/(-3))/((-1)/d). Calculate c(f).
-17
Let a(c) = 11 - 6*c + 16 - 45 + 1. Let x(q) = 5*q + 16. Let b(s) = -4*a(s) - 5*x(s). Give b(-6).
-6
Let g(l) = -l**3 - 5*l**2 + 11*l - 23. Let a be (7/5)/(6/(-30)). What is g(a)?
-2
Let v(a) be the second derivative of a**4/12 - a**3/3 + a**2/2 - 4*a + 3. What is v(0)?
1
Suppose 0 = -4*t + 9*t - 5. Let j(d) = -6 - 8*d - 8*d + 7. Give j(t).
-15
Let b(u) = 10*u**3 + 2*u**2 + 2*u + 1. Let x be (-2)/(-6) - (-913)/33. Suppose 0 = -5*m + x + 22. Suppose m*o = 5*o - 5. Calculate b(o).
-9
Let n be (-4)/(-32) + (-161)/8. Let y = n - -26. Let b(o) = -o**3 + 5*o**2 + 7*o - 5. Give b(y).
1
Let p(q) = -4*q**3 - 7*q**2 - q - 3. Let g(j) = j**3 + j**2 - j. Let o(v) = 3*g(v) + p(v). Let l be o(-3). Let b(d) = d**2 - d + 3. Determine b(l).
3
Let v(n) = -2*n**3 + 37*n**2 - 31*n + 223. Let u be v(18). Let c(s) = -s**3 - 12*s**2 - 12*s - 7. Give c(u).
4
Let y = -21 + 24. Suppose -34 = -y*j - 16. Let n be 3*((-10)/j)/(-5). Let l(w) = 5*w + 1. Determine l(n).
6
Let m be (-10)/((-70)/21) + -6. Let v(k) = -k**3 - 5*k**2 - 4*k - 4. What is v(m)?
-10
Suppose 2*d = -d - 5*v - 11, 0 = 2*v + 8. Suppose -a - 15 = 5*m, a - d*a - 15 = 5*m. Let l(c) be the first derivative of c**2/2 + c + 1. Determine l(m).
-2
Let a(i) be the second derivative of i**4/12 + i**3/6 - 5*i**2/2 - 9*i + 35. Give a(0).
-5
Suppose -5*g - 9 - 31 = 0. Let i(x) = 4*x**3 + 28*x**2 - 28*x. Let u(o) = o**3 + 7*o**2 - 7*o. Let f(c) = -2*i(c) + 9*u(c). Determine f(g).
-8
Let c be (-2 - 3)/1*1. Let y(h) = -13*h**3 + 2*h**2 + h + 5. Let s(j) = -2*j**3 + j**2 - j. Let z(i) = 6*s(i) - y(i). Calculate z(c).
5
Let s(m) = 9*m**2 - 10*m + 9. Let k(p) = -p**2 + 2*p. Let b(d) = 8*k(d) + s(d). What is b(-4)?
1
Let i(u) = 2*u + 14. Let l(z) = 14*z + 6. Let q be l(0). What is i(q)?
26
Let q(u) = -12*u + 1. Suppose -5*p + 3*m + 3 = -33, -34 = -5*p + 2*m. Suppose -p*b = -3*b - 9. Suppose -b*o - 5 = 2*o. Determine q(o).
13
Let d be 3/(-4) + 52/(-16). Let g(o) = -10*o**3 - o**2 + 2*o + 8. Let h(x) = 3*x**3 - x**2 - 1. Let r(q) = g(q) + 3*h(q). Give r(d).
-3
Let z(p) = -117*p**2 + p**3 + 3 - 2 + 2*p + 121*p**2. Let y = -7 - -9. Suppose -20 = 4*a + 3*m + y, -3*a - 10 = -m. Determine z(a).
-7
Suppose -32 = 10*i - 92. Let g(r) = -5*r**2 + 2 + r**3 + 2 - 7*r + 4. Give g(i).
2
Suppose -2*w + 6 = -2. Let v(b) = -b + 6. Give v(w).
2
Let f(q) be the second derivative of 3*q**3/2 + 47*q**2/2 - 381*q. What is f(-5)?
2
Let k(g) be the third derivative of -g**6/120 - g**5/5 + g**4/8 + 3*g**3 - 942*g**2. What is k(-12)?
-18
Suppose -14*j = -10*j. Let l be ((-4)/14)/(3/(-21)). Let x(n) = -2*n + 5*n**l - 4*n**2 + 2*n. Give x(j).
0
Let u(t) = t**2 - 4*t - 2. Let r(i) = -i - 5. Let n be r(-7). Let p = 124 + -124. Suppose p = -0*s - s, 8 = n*a + 3*s. Calculate u(a).
-2
Let z(g) = -g**2 + 9 - 15 + 7. Let j = -5 + 8. Suppose 4*n - 12 = y, n - 4*y = -0*n + j. Determine z(n).
-8
Let n(q) be the second derivative of -q**4/12 - q**3 + 3*q**2/2 - 10*q. Let k = -3 - 3. What is n(k)?
3
Suppose 0 = 6*k - k. Let y(c) = c**2 - 2*c + 2. Let l be y(k). Suppose 9 = -l*d - 1, 3*d = 2*x - 9. Let z(j) = -j**3 - 3*j**2. What is z(x)?
0
Let b(g) = 3*g - 7. Let z(u) = 4*u - 9. Let f(t) = 3*b(t) - 2*z(t). What is f(-3)?
-6
Let d be (-22)/(-1)*64/128. Let j(c) = c**2 - 12*c + 8. Calculate j(d).
-3
Let d(n) = -4*n + 5*n - n**2 + n + 0 + 11 - 4. What is d(-3)?
-8
Let m(v) be the first derivative of -v**5/60 - v**4/12 + 5*v**3/6 + 7*v**2/2 - 44. Let c(w) be the second derivative of m(w). Calculate c(-5).
-10
Let x(t) = 3*t**3 - 4*t**2 + t - 12. Let u(s) = -s**3 - s**2 + 2*s + 1. Let d(r) = 4*u(r) + x(r). Give d(-9).
-8
Let s = -63 - -14. Let g = 45 + s. Let o(q) = -q**2 - 5*q - 3. Calculate o(g).
1
Let b(y) = y**2 - 6*y + 8. Let i = 89 - 82. Calculate b(i).
15
Suppose -4*z = 0, -o - 4*z - 10 = -8*z. Let t be 1/((-4)/o - 6/(-10)). Let s(b) = 11*b**2 - b + 1. What is s(t)?
11
Let v(o) be the third derivative of -o**4/8 + 2*o**3/3 + 2*o**2 - 129*o. What is v(9)?
-23
Let l(v) = 7*v**2 - 2*v - 2. Let q = -145 + 144. Calculate l(q).
7
Let n(b) = 2*b + 4. Suppose 3*i - 3*h + 5 = h, -h = -5. Let c(g) = -g - 2. Let y(w) = i*c(w) + 3*n(w). Calculate y(-3).
-1
Let a(p) = 11*p**2 - 23*p + 12. Let n(c) = -13*c**2 + 24*c - 12. Let s(l) = -5*a(l) - 4*n(l). Give s(5).
8
Let w(s) = 5*s**2 - 6 + 165*s**3 + 134*s**3 + 8*s - 300*s**3. Determine w(6).
6
Let o be 2/(-4)*16/2. Let i(d) be the third derivative of -1/12*d**4 + 0*d + 0 - 1/6*d**3 - 34*d**2. Calculate i(o).
7
Let o(t) = -t**2 + 5*t + 6. Let q(x) = x**3 - 3*x - 2. Let z be q(-2). Let i be -2 + 152/20 - z/10. Determine o(i).
0
Let n(t) = 3*t**2 + 5*t - 1. Let j(m) = -4*m**2 - 5*m + 2. Let d(r) = 3*j(r) + 2*n(r). Let h be d(1). Let g(v) = -v**2 - 7*v - 6. Calculate g(h).
-6
Let v(u) = u - 3. Let l(o) = -o**2 + 8*o + 14. Let x be l(9). Determine v(x).
2
Let f(d) be the second derivative of d**6/120 - d**5/10 - 31*d**2/2 - 17*d. Let p(l) be the first derivative of f(l). Give p(6).
0
Let k(q) = 11*q**2 - 2*q + 9. Let r(p) = -13*p**2 + p - 10. Let m(i) = -6*k(i) - 5*r(i). Give m(4).
8
Let j(o) = o**3 - 4*o**2 - 5*o + 3. Suppose q + 20 = 3*q - 2*h, 4*q + 5 = -5*h. Calculate j(q).
3
Let c(j) = -j**3 + 7*j**2 - 4. Suppose -3*i - u = -21, 12*u - 13*u = i - 7. Determine c(i).
-4
Let f(h) = 2 - 20*h - 20*h + 38*h + 3. What is f(8)?
-11
Let f be (-45)/(-18)*6/5. Suppose -3*z = -f*a - 12, 4*a + 4*z + 47 = a. Let m be (-56)/a + (-8)/36. Let k(t) = t + 1. Determine k(m).
7
Let z(d) = d**3 - 3*d**2 - 14*d + 9. Let q be 11 - ((-6)/33 + 399/77). What is z(q)?
33
Let g(k) = k**3 - 9*k**2 + 6*k + 4. Let t be g(8). Let h = 16 + t. Let a be 2/h + (-3)/(-2). Let p(f) = 2*f - 3. Calculate p(a).
1
Let d be 1 + 1 + 0 + 2. Let o(l) = -l. Let c(i) = -7*i - 2. Let p(k) = -c(k) + 5*o(k). What is p(d)?
10
Let k(n) = 15*n - 253. Let x be k(17). Let g(c) be the first derivative of 0*c**x + 10 - c + 0*c**3 - 9/2*c**4. Determine g(1).
-19
Let p(r) = r**2 - 10*r + 1. Let n(f) = -f. Let z(l) = 5*n(l) - p(l). Suppose a - 4 - 5 = 0. Let o = -3 + a. Calculate z(o).
-7
Let c(x) = x**2 + 14*x + 14. Suppose 66 = -17*n - 104. Calculate c(n).
-26
Let j be (-2)/2*(-14)/2. Let a(q) = q**3 - 8*q**2 - 11*q + 20. Let h be a(9). Let i(m) = -m**3 - h*m - 10 + 9*m**2 - 2*m**2 + 4*m - m. What is i(j)?
-3
Let c(h) = -1. Let n(m) = 4*m + 14. Let a(v) = 3*c(v) + n(v). Determine a(-4).
-5
Let f(w) = w**2 - 2*w - 16. Let c(b) = b**2 - b - 19. Let s(t) = -5*c(t) + 6*f(t). Give s(5).
-11
Suppose c + 4*c = 15. Let j(n) = 4*n - 1 - c + 2 + n. Calculate j(-2).
-12
Suppose -2*x + 3*z = -49 - 76, 3*z = -3*x + 210. Let y = x - 45. Let q(p) = 2*p**2 + 2 - 24*p**3 - 3 + y*p**3. Determine q(-1).
3
Let x(z) = -z**2 + 5*z + 5. Let f(l) = 14*l**2 - l. Suppose -2 = -2*n + 4*n. Let c be f(n). Suppose 0 = 2*k + k - c. Calculate x(k).
5
Let i = -53 - -66. Let q = -13 + i. Let c(m) = -m**2 + 1. Give c(q).
1
Let c(x) = 6*x**3 - 2*x**2 + 5*x + 3. Let p(i) = -7*i**3 + i**2 - 5*i - 2. Let j(a) = -6*c(a) - 5*p(a). Calculate j(6).
-2
Suppose -3*f + 3*t = 0, 3*f - 14*t - 8 = -15*t. Let o(g) be the second derivative of 1/6*g**4 + 2*g**f + 0 - 8*g - 1/6*g**3. Calculate o(3).
19
Let d(n) = n**2 - 2 + 7 - 2 - 2*n. Let y(m) be the second derivative of m**4/12 + 3*m**3/2 + m**2 + 5*m. Let g 